{"id":376,"date":"2024-12-09T16:31:32","date_gmt":"2024-12-09T15:31:32","guid":{"rendered":"https:\/\/hjerteforeningen.dk\/hjerteredder\/?page_id=376"},"modified":"2025-10-30T11:15:46","modified_gmt":"2025-10-30T10:15:46","slug":"saadan-bruger-du-en-hjertestarter","status":"publish","type":"page","link":"https:\/\/hjerteforeningen.dk\/hjerteredder\/faq\/saadan-bruger-du-en-hjertestarter\/","title":{"rendered":"S\u00e5dan bruger du en hjertestarter"},"content":{"rendered":"\t\t<div data-elementor-type=\"wp-page\" data-elementor-id=\"376\" class=\"elementor elementor-376\" data-elementor-post-type=\"page\">\n\t\t\t\t<div class=\"elementor-element elementor-element-020307e e-flex e-con-boxed e-con e-parent\" data-id=\"020307e\" data-element_type=\"container\">\n\t\t\t\t\t<div class=\"e-con-inner\">\n\t\t\t\t<div class=\"hf-narrow-center-div elementor-element elementor-element-e47ffa8 elementor-widget elementor-widget-image\" data-id=\"e47ffa8\" data-element_type=\"widget\" data-widget_type=\"image.default\">\n\t\t\t\t<div class=\"elementor-widget-container\">\n\t\t\t\t\t\t\t\t\t\t\t\t\t\t\t<img decoding=\"async\" src=\"https:\/\/hjerteforeningen.dk\/hjerteredder\/wp-content\/uploads\/sites\/4\/elementor\/thumbs\/Web_artikler_1141x637px-\u2013-3_ny-rdv7ixfh9z7qgupqucxqhb2xk7cx2he6yl0epyo0te.png\" title=\"Web_artikler_1141x637px \u2013 3_ny\" alt=\"Web_artikler_1141x637px \u2013 3_ny\" loading=\"lazy\" \/>\t\t\t\t\t\t\t\t\t\t\t\t\t\t\t<\/div>\n\t\t\t\t<\/div>\n\t\t\t\t\t<\/div>\n\t\t\t\t<\/div>\n\t\t<div class=\"elementor-element elementor-element-305b8c3 e-flex e-con-boxed e-con e-parent\" data-id=\"305b8c3\" data-element_type=\"container\">\n\t\t\t\t\t<div class=\"e-con-inner\">\n\t\t\t\t<div class=\"hf-narrow-center-div elementor-element elementor-element-b055505 elementor-widget elementor-widget-text-editor\" data-id=\"b055505\" data-element_type=\"widget\" data-widget_type=\"text-editor.default\">\n\t\t\t\t<div class=\"elementor-widget-container\">\n\t\t\t\t\t\t\t\t\t<ul>\n<li><span style=\"background-color: transparent\">4 % overlever uden hjertelungeredning, f\u00f8r ambulancen ankommer<\/span><\/li>\n<li>14 % overlever med hjertelungeredning, f\u00f8r ambulancen ankommer<\/li>\n<li>40 % overlever med hjertelungeredning og st\u00f8d fra <strong>hjertestarter<\/strong>, f\u00f8r ambulancen ankommer<\/li>\n<\/ul>\t\t\t\t\t\t\t\t<\/div>\n\t\t\t\t<\/div>\n\t\t\t\t\t<\/div>\n\t\t\t\t<\/div>\n\t\t<div class=\"elementor-element elementor-element-e49cfbb e-con-full e-flex e-con e-parent\" data-id=\"e49cfbb\" data-element_type=\"container\">\n\t\t\t\t<div class=\"hf-narrow-center-div elementor-element elementor-element-52bc5e7 elementor-hidden-desktop elementor-hidden-tablet elementor-hidden-mobile elementor-widget elementor-widget-video\" data-id=\"52bc5e7\" data-element_type=\"widget\" data-settings=\"{&quot;youtube_url&quot;:&quot;https:\\\/\\\/www.youtube.com\\\/watch?v=SSdsOyJah-E&quot;,&quot;video_type&quot;:&quot;youtube&quot;}\" data-widget_type=\"video.default\">\n\t\t\t\t<div class=\"elementor-widget-container\">\n\t\t\t\t\t\t\t<div class=\"elementor-wrapper elementor-open-inline\">\n\t\t\t<div class=\"elementor-video\"><\/div>\t\t<\/div>\n\t\t\t\t\t\t<\/div>\n\t\t\t\t<\/div>\n\t\t\t\t<\/div>\n\t\t<div class=\"elementor-element elementor-element-113568e e-flex e-con-boxed e-con e-parent\" data-id=\"113568e\" data-element_type=\"container\">\n\t\t\t\t\t<div class=\"e-con-inner\">\n\t\t\t\t<div class=\"hf-narrow-center-div elementor-element elementor-element-5880eeb elementor-widget elementor-widget-text-editor\" data-id=\"5880eeb\" data-element_type=\"widget\" data-widget_type=\"text-editor.default\">\n\t\t\t\t<div class=\"elementor-widget-container\">\n\t\t\t\t\t\t\t\t\t<div class=\"elementor-element elementor-element-edbef87 elementor-widget elementor-widget-heading\" data-id=\"edbef87\" data-element_type=\"widget\" data-widget_type=\"heading.default\"><div class=\"elementor-widget-container\"><h3 class=\"elementor-heading-title elementor-size-default\">S\u00e5dan g\u00f8r du<\/h3><h4 class=\"elementor-heading-title elementor-size-default\"><span style=\"font-size: 16px\">N\u00e5r du \u00e5bner hjertestarteren, fort\u00e6ller den automatisk, hvad du skal g\u00f8re, fx:<\/span><\/h4><div><ul><li>Hvordan elektroderne skal placeres<\/li><li>Om der skal st\u00f8des og hvorn\u00e5r<\/li><li>Hvorn\u00e5r den tilskadekomne m\u00e5 ber\u00f8res og ikke ber\u00f8res<\/li><li>Hvorn\u00e5r du skal forts\u00e6tte med at give hjertemassage<\/li><\/ul><\/div><\/div><\/div><div class=\"elementor-element elementor-element-b3c47a8 elementor-widget elementor-widget-text-editor\" data-id=\"b3c47a8\" data-element_type=\"widget\" data-widget_type=\"text-editor.default\"><div class=\"elementor-widget-container\">\u00a0<\/div><\/div>\t\t\t\t\t\t\t\t<\/div>\n\t\t\t\t<\/div>\n\t\t\t\t\t<\/div>\n\t\t\t\t<\/div>\n\t\t\t\t<\/div>\n\t\t","protected":false},"excerpt":{"rendered":"<p>Hjertelungeredning og brug af en hjertestarter indenfor f\u00e5 minutter er afg\u00f8rende, hvis et menneske falder om med hjertestop. Chancen for at overleve falder med 10 pct for hvert minut, hvis der ikke ydes hjertelungeredning med hjertemassage og kunstigt \u00e5ndedr\u00e6t. Hvis der ogs\u00e5 tages en hjertestarter i brug, kan chancen for at overleve hjertestop mangedobles.<\/p>\n","protected":false},"author":25,"featured_media":811,"parent":16,"menu_order":0,"comment_status":"closed","ping_status":"closed","template":"","meta":{"_acf_changed":true,"footnotes":""},"global-tag":[],"class_list":["post-376","page","type-page","status-publish","has-post-thumbnail","hentry"],"yoast_head":"<!-- This site is optimized with the Yoast SEO Premium plugin v23.5 (Yoast SEO v26.2) - https:\/\/yoast.com\/wordpress\/plugins\/seo\/ -->\n<title>S\u00e5dan bruger du en hjertestarter - Hjerteredder<\/title>\n<meta name=\"robots\" content=\"index, follow, max-snippet:-1, max-image-preview:large, max-video-preview:-1\" \/>\n<link rel=\"canonical\" href=\"https:\/\/hjerteforeningen.dk\/hjerteredder\/faq\/saadan-bruger-du-en-hjertestarter\/\" \/>\n<meta property=\"og:locale\" content=\"da_DK\" \/>\n<meta property=\"og:type\" content=\"article\" \/>\n<meta property=\"og:title\" content=\"S\u00e5dan bruger du en hjertestarter\" \/>\n<meta property=\"og:description\" content=\"Hjertelungeredning og brug af en hjertestarter indenfor f\u00e5 minutter er afg\u00f8rende, hvis et menneske falder om med hjertestop. Chancen for at overleve falder med 10 pct for hvert minut, hvis der ikke ydes hjertelungeredning med hjertemassage og kunstigt \u00e5ndedr\u00e6t. Hvis der ogs\u00e5 tages en hjertestarter i brug, kan chancen for at overleve hjertestop mangedobles.\" \/>\n<meta property=\"og:url\" content=\"https:\/\/hjerteforeningen.dk\/hjerteredder\/faq\/saadan-bruger-du-en-hjertestarter\/\" \/>\n<meta property=\"og:site_name\" content=\"Hjerteredder\" \/>\n<meta property=\"article:modified_time\" content=\"2025-10-30T10:15:46+00:00\" \/>\n<meta property=\"og:image\" content=\"https:\/\/hjerteforeningen.dk\/hjerteredder\/wp-content\/uploads\/sites\/4\/2025\/05\/Web_artikler_1141x637px-\u2013-3_ny.png\" \/>\n\t<meta property=\"og:image:width\" content=\"1141\" \/>\n\t<meta property=\"og:image:height\" content=\"637\" \/>\n\t<meta property=\"og:image:type\" content=\"image\/png\" \/>\n<meta name=\"twitter:card\" content=\"summary_large_image\" \/>\n<meta name=\"twitter:label1\" content=\"Estimeret l\u00e6setid\" \/>\n\t<meta name=\"twitter:data1\" content=\"1 minut\" \/>\n<script type=\"application\/ld+json\" class=\"yoast-schema-graph\">{\"@context\":\"https:\/\/schema.org\",\"@graph\":[{\"@type\":\"WebPage\",\"@id\":\"https:\/\/hjerteforeningen.dk\/hjerteredder\/faq\/saadan-bruger-du-en-hjertestarter\/\",\"url\":\"https:\/\/hjerteforeningen.dk\/hjerteredder\/faq\/saadan-bruger-du-en-hjertestarter\/\",\"name\":\"S\u00e5dan bruger du en hjertestarter - Hjerteredder\",\"isPartOf\":{\"@id\":\"https:\/\/hjerteforeningen.dk\/hjerteredder\/#website\"},\"primaryImageOfPage\":{\"@id\":\"https:\/\/hjerteforeningen.dk\/hjerteredder\/faq\/saadan-bruger-du-en-hjertestarter\/#primaryimage\"},\"image\":{\"@id\":\"https:\/\/hjerteforeningen.dk\/hjerteredder\/faq\/saadan-bruger-du-en-hjertestarter\/#primaryimage\"},\"thumbnailUrl\":\"https:\/\/hjerteforeningen.dk\/hjerteredder\/wp-content\/uploads\/sites\/4\/2025\/05\/Web_artikler_1141x637px-\u2013-3_ny.png\",\"datePublished\":\"2024-12-09T15:31:32+00:00\",\"dateModified\":\"2025-10-30T10:15:46+00:00\",\"breadcrumb\":{\"@id\":\"https:\/\/hjerteforeningen.dk\/hjerteredder\/faq\/saadan-bruger-du-en-hjertestarter\/#breadcrumb\"},\"inLanguage\":\"da-DK\",\"potentialAction\":[{\"@type\":\"ReadAction\",\"target\":[\"https:\/\/hjerteforeningen.dk\/hjerteredder\/faq\/saadan-bruger-du-en-hjertestarter\/\"]}]},{\"@type\":\"ImageObject\",\"inLanguage\":\"da-DK\",\"@id\":\"https:\/\/hjerteforeningen.dk\/hjerteredder\/faq\/saadan-bruger-du-en-hjertestarter\/#primaryimage\",\"url\":\"https:\/\/hjerteforeningen.dk\/hjerteredder\/wp-content\/uploads\/sites\/4\/2025\/05\/Web_artikler_1141x637px-\u2013-3_ny.png\",\"contentUrl\":\"https:\/\/hjerteforeningen.dk\/hjerteredder\/wp-content\/uploads\/sites\/4\/2025\/05\/Web_artikler_1141x637px-\u2013-3_ny.png\",\"width\":1141,\"height\":637},{\"@type\":\"BreadcrumbList\",\"@id\":\"https:\/\/hjerteforeningen.dk\/hjerteredder\/faq\/saadan-bruger-du-en-hjertestarter\/#breadcrumb\",\"itemListElement\":[{\"@type\":\"ListItem\",\"position\":1,\"name\":\"Hjem\",\"item\":\"https:\/\/hjerteforeningen.dk\/hjerteredder\/\"},{\"@type\":\"ListItem\",\"position\":2,\"name\":\"FAQ\",\"item\":\"https:\/\/hjerteforeningen.dk\/hjerteredder\/?page_id=16\"},{\"@type\":\"ListItem\",\"position\":3,\"name\":\"S\u00e5dan bruger du en hjertestarter\"}]},{\"@type\":\"WebSite\",\"@id\":\"https:\/\/hjerteforeningen.dk\/hjerteredder\/#website\",\"url\":\"https:\/\/hjerteforeningen.dk\/hjerteredder\/\",\"name\":\"Hjerteredder\",\"description\":\"Red liv med et hjerteredderkursus\",\"publisher\":{\"@id\":\"https:\/\/hjerteforeningen.dk\/hjerteredder\/#organization\"},\"potentialAction\":[{\"@type\":\"SearchAction\",\"target\":{\"@type\":\"EntryPoint\",\"urlTemplate\":\"https:\/\/hjerteforeningen.dk\/hjerteredder\/?s={search_term_string}\"},\"query-input\":{\"@type\":\"PropertyValueSpecification\",\"valueRequired\":true,\"valueName\":\"search_term_string\"}}],\"inLanguage\":\"da-DK\"},{\"@type\":\"Organization\",\"@id\":\"https:\/\/hjerteforeningen.dk\/hjerteredder\/#organization\",\"name\":\"Hjerteforeningen\",\"url\":\"https:\/\/hjerteforeningen.dk\/hjerteredder\/\",\"logo\":{\"@type\":\"ImageObject\",\"inLanguage\":\"da-DK\",\"@id\":\"https:\/\/hjerteforeningen.dk\/hjerteredder\/#\/schema\/logo\/image\/\",\"url\":\"https:\/\/hjerteforeningen.dk\/hjerteredder\/wp-content\/uploads\/sites\/4\/2025\/05\/logo.svg\",\"contentUrl\":\"https:\/\/hjerteforeningen.dk\/hjerteredder\/wp-content\/uploads\/sites\/4\/2025\/05\/logo.svg\",\"width\":157,\"height\":65,\"caption\":\"Hjerteforeningen\"},\"image\":{\"@id\":\"https:\/\/hjerteforeningen.dk\/hjerteredder\/#\/schema\/logo\/image\/\"}}]}<\/script>\n<!-- \/ Yoast SEO Premium plugin. -->","yoast_head_json":{"title":"S\u00e5dan bruger du en hjertestarter - Hjerteredder","robots":{"index":"index","follow":"follow","max-snippet":"max-snippet:-1","max-image-preview":"max-image-preview:large","max-video-preview":"max-video-preview:-1"},"canonical":"https:\/\/hjerteforeningen.dk\/hjerteredder\/faq\/saadan-bruger-du-en-hjertestarter\/","og_locale":"da_DK","og_type":"article","og_title":"S\u00e5dan bruger du en hjertestarter","og_description":"Hjertelungeredning og brug af en hjertestarter indenfor f\u00e5 minutter er afg\u00f8rende, hvis et menneske falder om med hjertestop. Chancen for at overleve falder med 10 pct for hvert minut, hvis der ikke ydes hjertelungeredning med hjertemassage og kunstigt \u00e5ndedr\u00e6t. Hvis der ogs\u00e5 tages en hjertestarter i brug, kan chancen for at overleve hjertestop mangedobles.","og_url":"https:\/\/hjerteforeningen.dk\/hjerteredder\/faq\/saadan-bruger-du-en-hjertestarter\/","og_site_name":"Hjerteredder","article_modified_time":"2025-10-30T10:15:46+00:00","og_image":[{"width":1141,"height":637,"url":"https:\/\/hjerteforeningen.dk\/hjerteredder\/wp-content\/uploads\/sites\/4\/2025\/05\/Web_artikler_1141x637px-\u2013-3_ny.png","type":"image\/png"}],"twitter_card":"summary_large_image","twitter_misc":{"Estimeret l\u00e6setid":"1 minut"},"schema":{"@context":"https:\/\/schema.org","@graph":[{"@type":"WebPage","@id":"https:\/\/hjerteforeningen.dk\/hjerteredder\/faq\/saadan-bruger-du-en-hjertestarter\/","url":"https:\/\/hjerteforeningen.dk\/hjerteredder\/faq\/saadan-bruger-du-en-hjertestarter\/","name":"S\u00e5dan bruger du en hjertestarter - Hjerteredder","isPartOf":{"@id":"https:\/\/hjerteforeningen.dk\/hjerteredder\/#website"},"primaryImageOfPage":{"@id":"https:\/\/hjerteforeningen.dk\/hjerteredder\/faq\/saadan-bruger-du-en-hjertestarter\/#primaryimage"},"image":{"@id":"https:\/\/hjerteforeningen.dk\/hjerteredder\/faq\/saadan-bruger-du-en-hjertestarter\/#primaryimage"},"thumbnailUrl":"https:\/\/hjerteforeningen.dk\/hjerteredder\/wp-content\/uploads\/sites\/4\/2025\/05\/Web_artikler_1141x637px-\u2013-3_ny.png","datePublished":"2024-12-09T15:31:32+00:00","dateModified":"2025-10-30T10:15:46+00:00","breadcrumb":{"@id":"https:\/\/hjerteforeningen.dk\/hjerteredder\/faq\/saadan-bruger-du-en-hjertestarter\/#breadcrumb"},"inLanguage":"da-DK","potentialAction":[{"@type":"ReadAction","target":["https:\/\/hjerteforeningen.dk\/hjerteredder\/faq\/saadan-bruger-du-en-hjertestarter\/"]}]},{"@type":"ImageObject","inLanguage":"da-DK","@id":"https:\/\/hjerteforeningen.dk\/hjerteredder\/faq\/saadan-bruger-du-en-hjertestarter\/#primaryimage","url":"https:\/\/hjerteforeningen.dk\/hjerteredder\/wp-content\/uploads\/sites\/4\/2025\/05\/Web_artikler_1141x637px-\u2013-3_ny.png","contentUrl":"https:\/\/hjerteforeningen.dk\/hjerteredder\/wp-content\/uploads\/sites\/4\/2025\/05\/Web_artikler_1141x637px-\u2013-3_ny.png","width":1141,"height":637},{"@type":"BreadcrumbList","@id":"https:\/\/hjerteforeningen.dk\/hjerteredder\/faq\/saadan-bruger-du-en-hjertestarter\/#breadcrumb","itemListElement":[{"@type":"ListItem","position":1,"name":"Hjem","item":"https:\/\/hjerteforeningen.dk\/hjerteredder\/"},{"@type":"ListItem","position":2,"name":"FAQ","item":"https:\/\/hjerteforeningen.dk\/hjerteredder\/?page_id=16"},{"@type":"ListItem","position":3,"name":"S\u00e5dan bruger du en hjertestarter"}]},{"@type":"WebSite","@id":"https:\/\/hjerteforeningen.dk\/hjerteredder\/#website","url":"https:\/\/hjerteforeningen.dk\/hjerteredder\/","name":"Hjerteredder","description":"Red liv med et hjerteredderkursus","publisher":{"@id":"https:\/\/hjerteforeningen.dk\/hjerteredder\/#organization"},"potentialAction":[{"@type":"SearchAction","target":{"@type":"EntryPoint","urlTemplate":"https:\/\/hjerteforeningen.dk\/hjerteredder\/?s={search_term_string}"},"query-input":{"@type":"PropertyValueSpecification","valueRequired":true,"valueName":"search_term_string"}}],"inLanguage":"da-DK"},{"@type":"Organization","@id":"https:\/\/hjerteforeningen.dk\/hjerteredder\/#organization","name":"Hjerteforeningen","url":"https:\/\/hjerteforeningen.dk\/hjerteredder\/","logo":{"@type":"ImageObject","inLanguage":"da-DK","@id":"https:\/\/hjerteforeningen.dk\/hjerteredder\/#\/schema\/logo\/image\/","url":"https:\/\/hjerteforeningen.dk\/hjerteredder\/wp-content\/uploads\/sites\/4\/2025\/05\/logo.svg","contentUrl":"https:\/\/hjerteforeningen.dk\/hjerteredder\/wp-content\/uploads\/sites\/4\/2025\/05\/logo.svg","width":157,"height":65,"caption":"Hjerteforeningen"},"image":{"@id":"https:\/\/hjerteforeningen.dk\/hjerteredder\/#\/schema\/logo\/image\/"}}]}},"acf":[],"_links":{"self":[{"href":"https:\/\/hjerteforeningen.dk\/hjerteredder\/wp-json\/wp\/v2\/pages\/376","targetHints":{"allow":["GET"]}}],"collection":[{"href":"https:\/\/hjerteforeningen.dk\/hjerteredder\/wp-json\/wp\/v2\/pages"}],"about":[{"href":"https:\/\/hjerteforeningen.dk\/hjerteredder\/wp-json\/wp\/v2\/types\/page"}],"author":[{"embeddable":true,"href":"https:\/\/hjerteforeningen.dk\/hjerteredder\/wp-json\/wp\/v2\/users\/25"}],"replies":[{"embeddable":true,"href":"https:\/\/hjerteforeningen.dk\/hjerteredder\/wp-json\/wp\/v2\/comments?post=376"}],"version-history":[{"count":0,"href":"https:\/\/hjerteforeningen.dk\/hjerteredder\/wp-json\/wp\/v2\/pages\/376\/revisions"}],"up":[{"embeddable":true,"href":"https:\/\/hjerteforeningen.dk\/hjerteredder\/wp-json\/wp\/v2\/pages\/16"}],"wp:featuredmedia":[{"embeddable":true,"href":"https:\/\/hjerteforeningen.dk\/hjerteredder\/wp-json\/wp\/v2\/media\/811"}],"wp:attachment":[{"href":"https:\/\/hjerteforeningen.dk\/hjerteredder\/wp-json\/wp\/v2\/media?parent=376"}],"wp:term":[{"taxonomy":"global-tag","embeddable":true,"href":"https:\/\/hjerteforeningen.dk\/hjerteredder\/wp-json\/wp\/v2\/global-tag?post=376"}],"curies":[{"name":"wp","href":"https:\/\/api.w.org\/{rel}","templated":true}]}}