{"id":372,"date":"2024-12-09T16:15:08","date_gmt":"2024-12-09T15:15:08","guid":{"rendered":"https:\/\/hjerteforeningen.dk\/hjerteredder\/?page_id=372"},"modified":"2025-05-01T10:52:55","modified_gmt":"2025-05-01T08:52:55","slug":"myter-om-hjertestop","status":"publish","type":"page","link":"https:\/\/hjerteforeningen.dk\/hjerteredder\/faq\/myter-om-hjertestop\/","title":{"rendered":"Myter om hjertestop"},"content":{"rendered":"\t\t<div data-elementor-type=\"wp-page\" data-elementor-id=\"372\" class=\"elementor elementor-372\" data-elementor-post-type=\"page\">\n\t\t\t\t<div class=\"elementor-element elementor-element-7024c80 e-flex e-con-boxed e-con e-parent\" data-id=\"7024c80\" data-element_type=\"container\">\n\t\t\t\t\t<div class=\"e-con-inner\">\n\t\t\t\t<div class=\"hf-narrow-center-div elementor-element elementor-element-b58699b elementor-widget elementor-widget-text-editor\" data-id=\"b58699b\" data-element_type=\"widget\" data-widget_type=\"text-editor.default\">\n\t\t\t\t<div class=\"elementor-widget-container\">\n\t\t\t\t\t\t\t\t\t<h3>Der findes mange historier om f\u00f8rstehj\u00e6lp og mange barrierer for ikke at g\u00f8re noget i situationen.\u00a0Her afliver vi de v\u00e6rste myter og erstatter dem med fakta.<\/h3><div class=\"elementor-element elementor-element-addbc56 e-con-full e-flex e-con e-child\" data-id=\"addbc56\" data-element_type=\"container\"><div class=\"elementor-element elementor-element-73a5a88 elementor-widget elementor-widget-heading\" data-id=\"73a5a88\" data-element_type=\"widget\" data-widget_type=\"heading.default\"><div class=\"elementor-widget-container\"><h3 class=\"elementor-heading-title elementor-size-default\">Myte 1<\/h3><p class=\"elementor-heading-title elementor-size-default\"><em style=\"font-size: 16px\">Mere end halvdelen af dem, der rammes af hjertestop uden for hospital overlever<\/em><\/p><\/div><\/div><div class=\"elementor-element elementor-element-2e9b61e elementor-widget elementor-widget-text-editor\" data-id=\"2e9b61e\" data-element_type=\"widget\" data-widget_type=\"text-editor.default\"><div class=\"elementor-widget-container\"><p>Det er forkert.<\/p><p>Overlevelsen efter hjertestop uden for hospital er i dag ca. 14 %. Hjertestop uden for hospital er en meget alvorlig tilstand med h\u00f8j d\u00f8delighed. N\u00e6sten 3 ud af 4 hjertestop sker i private hjem.<\/p><p>I knap 80 % af tilf\u00e6ldene tr\u00e6der et vidne til med basal genoplivning. Det er ca. en firdobling i forhold til 2001, hvor kun 19 % tr\u00e5dte til.<\/p><p>Hvis en person f\u00e5r hjertestop, og der ikke ydes genoplivning, f\u00f8r ambulancen n\u00e5r frem, er overlevelsen 4%.<\/p><p>Hvis vidner tr\u00e6der til og yder genoplivning, overlever 14%. Overlevelsen efter hjertestop uden for hospital er 40% for de personer, hvor der er et vidne til stede, og hvor den f\u00f8rste m\u00e5lte rytme er st\u00f8dbar. Det er vigtigt, at endnu flere mennesker kan tr\u00e6de til \u2013 ikke mindst i hjemmene, hvor chancen for at overleve er st\u00e6rkt nedsat.<\/p><\/div><\/div><\/div><div class=\"elementor-element elementor-element-fa0f41e e-con-full e-flex e-con e-child\" data-id=\"fa0f41e\" data-element_type=\"container\"><div class=\"elementor-element elementor-element-43c299e elementor-widget elementor-widget-heading\" data-id=\"43c299e\" data-element_type=\"widget\" data-widget_type=\"heading.default\"><div class=\"elementor-widget-container\"><h3 class=\"elementor-heading-title elementor-size-default\">Myte 2<\/h3><\/div><\/div><div class=\"elementor-element elementor-element-dd1aa0c elementor-widget elementor-widget-text-editor\" data-id=\"dd1aa0c\" data-element_type=\"widget\" data-widget_type=\"text-editor.default\"><div class=\"elementor-widget-container\"><p><em>En person, der rammes af hjertestop overlever kun fem minutter eller derunder<\/em><\/p><p>Det er forkert.<br \/>Men for hvert minut, der g\u00e5r, reduceres muligheden for at overleve. Efter ca. 6 minutter begynder hjernen at tage varig skade. For hvert minut, der g\u00e5r uden livreddende f\u00f8rstehj\u00e6lp, reduceres chancen for at overleve med 10%. G\u00e5r der 10 minutter inden hj\u00e6lpen n\u00e5r frem, overlever kun ganske f\u00e5. Derfor nytter det at yde genoplivning, inden hj\u00e6lpen n\u00e5r frem. Og hvert minut betyder forskellen p\u00e5 liv og d\u00f8d.<\/p><\/div><\/div><\/div><div class=\"elementor-element elementor-element-791fd63 e-con-full e-flex e-con e-child\" data-id=\"791fd63\" data-element_type=\"container\"><div class=\"elementor-element elementor-element-de2f030 elementor-widget elementor-widget-heading\" data-id=\"de2f030\" data-element_type=\"widget\" data-widget_type=\"heading.default\"><div class=\"elementor-widget-container\"><h3 class=\"elementor-heading-title elementor-size-default\">Myte 3<\/h3><\/div><\/div><div class=\"elementor-element elementor-element-0a93155 elementor-widget elementor-widget-text-editor\" data-id=\"0a93155\" data-element_type=\"widget\" data-widget_type=\"text-editor.default\"><div class=\"elementor-widget-container\"><p><em>Det er kun meget gamle mennesker med d\u00e5rligt helbred, der rammes af hjertestop<\/em><\/p><p>Det er forkert.<\/p><p>Yngre mennesker kan ogs\u00e5 helt uforklarligt og uden varsel blive ramt af hjertestop. Gennemsnitsalderen for personer, der f\u00e5r hjertestop udenfor hospitalet, er 66 \u00e5r for m\u00e6nd og 71 \u00e5r for kvinder.<\/p><\/div><\/div><\/div><div class=\"elementor-element elementor-element-be1599f e-con-full e-flex e-con e-child\" data-id=\"be1599f\" data-element_type=\"container\"><div class=\"elementor-element elementor-element-f14fce0 elementor-widget elementor-widget-heading\" data-id=\"f14fce0\" data-element_type=\"widget\" data-widget_type=\"heading.default\"><div class=\"elementor-widget-container\"><h3 class=\"elementor-heading-title elementor-size-default\">Myte 4<\/h3><\/div><\/div><div class=\"elementor-element elementor-element-d23dd13 elementor-widget elementor-widget-text-editor\" data-id=\"d23dd13\" data-element_type=\"widget\" data-widget_type=\"text-editor.default\"><div class=\"elementor-widget-container\"><p><em>Det er bedst ikke at g\u00f8re noget, hvis man ikke har l\u00e6rt at give hjertelungeredning<\/em><\/p><p>Det er forkert.<\/p><p>Det bedst at g\u00f8re noget, hvis man er vidne til et hjertestop. Selvom man ikke har v\u00e6ret p\u00e5 kursus, kan man hj\u00e6lpe med at hente en hjertestarter eller give hjertelungeredning. Det sundhedsfaglige personale p\u00e5 1-1-2 er uddannet til at vejlede dig i, hvad du skal g\u00f8re.<\/p><\/div><\/div><\/div><div class=\"elementor-element elementor-element-1c621d8 e-con-full e-flex e-con e-child\" data-id=\"1c621d8\" data-element_type=\"container\"><div class=\"elementor-element elementor-element-6b7974f elementor-widget elementor-widget-heading\" data-id=\"6b7974f\" data-element_type=\"widget\" data-widget_type=\"heading.default\"><div class=\"elementor-widget-container\"><h3 class=\"elementor-heading-title elementor-size-default\">Myte 5<\/h3><\/div><\/div><div class=\"elementor-element elementor-element-835d47e elementor-widget elementor-widget-text-editor\" data-id=\"835d47e\" data-element_type=\"widget\" data-widget_type=\"text-editor.default\"><div class=\"elementor-widget-container\"><p><em>Man m\u00e5 ikke give hjertelungeredning til en person, der har en pacemaker eller en ICD<\/em><\/p><p>Det er forkert.<\/p><p>Der skal stadig gives hjertemassage, hvis en person med en pacemaker eller ICD-enhed falder om med hjertestop. Det vigtigste er at f\u00e5 hjertet i gang igen, og hvis det lykkes, s\u00e5 tager l\u00e6gerne stilling til evt. skader eller problemer med en pacemaker eller ICD efterf\u00f8lgende.<\/p><\/div><\/div><\/div><div class=\"elementor-element elementor-element-15466a2 e-con-full e-flex e-con e-child\" data-id=\"15466a2\" data-element_type=\"container\"><div class=\"elementor-element elementor-element-6ebe5ff elementor-widget elementor-widget-heading\" data-id=\"6ebe5ff\" data-element_type=\"widget\" data-widget_type=\"heading.default\"><div class=\"elementor-widget-container\"><h3 class=\"elementor-heading-title elementor-size-default\">Myte 5<\/h3><\/div><\/div><div class=\"elementor-element elementor-element-8e131fe elementor-widget elementor-widget-text-editor\" data-id=\"8e131fe\" data-element_type=\"widget\" data-widget_type=\"text-editor.default\"><div class=\"elementor-widget-container\"><p><em>I tilf\u00e6lde af hjertestop kan dybe vejrtr\u00e6kninger og konstante h\u00e5rde host give hjertet et tryk og f\u00e5 gang i blodcirkulationen igen<\/em><\/p><p>Det er forkert.<\/p><p>De typiske symptomer p\u00e5 hjertestop er smerte midt i brystet, smerte i armen eller \u00e5nden\u00f8d, og man skal i denne situation r\u00e5be om hj\u00e6lp eller straks ringe til 1-1-2 og forholde sig s\u00e5 roligt som muligt.<\/p><\/div><\/div><\/div>\t\t\t\t\t\t\t\t<\/div>\n\t\t\t\t<\/div>\n\t\t\t\t<div class=\"elementor-element elementor-element-25e0e00 elementor-widget elementor-widget-button\" data-id=\"25e0e00\" data-element_type=\"widget\" data-widget_type=\"button.default\">\n\t\t\t\t<div class=\"elementor-widget-container\">\n\t\t\t\t\t\t\t<a id=\"\" \n\t\t\t \n\t\t\t\thref=\"https:\/\/hjerteforeningen.dk\/sygdomme\/alle-sygdomme\/hjertestop-2\/\"  \n\t\t\t\t\t\ttarget=\"_blank\" class=\"hf-btn\">\n\t\t\tKlik her\t\t<\/a>\n\t\t\t\t\t\t<\/div>\n\t\t\t\t<\/div>\n\t\t\t\t\t<\/div>\n\t\t\t\t<\/div>\n\t\t\t\t<\/div>\n\t\t","protected":false},"excerpt":{"rendered":"<p>Der findes mange historier om f\u00f8rstehj\u00e6lp og mange barrierer for ikke at g\u00f8re noget i situationen.\u00a0Her afliver vi de v\u00e6rste myter og erstatter dem med fakta. Myte 1 Mere end halvdelen af dem, der rammes af hjertestop uden for hospital overlever Det er forkert. Overlevelsen efter hjertestop uden for hospital er i dag ca. 14 [&hellip;]<\/p>\n","protected":false},"author":25,"featured_media":374,"parent":16,"menu_order":0,"comment_status":"closed","ping_status":"closed","template":"","meta":{"_acf_changed":false,"footnotes":""},"global-tag":[],"class_list":["post-372","page","type-page","status-publish","has-post-thumbnail","hentry"],"yoast_head":"<!-- This site is optimized with the Yoast SEO Premium plugin v23.5 (Yoast SEO v26.2) - https:\/\/yoast.com\/wordpress\/plugins\/seo\/ -->\n<title>Myter om hjertestop - Hjerteredder<\/title>\n<meta name=\"robots\" content=\"index, follow, max-snippet:-1, max-image-preview:large, max-video-preview:-1\" \/>\n<link rel=\"canonical\" href=\"https:\/\/hjerteforeningen.dk\/hjerteredder\/faq\/myter-om-hjertestop\/\" \/>\n<meta property=\"og:locale\" content=\"da_DK\" \/>\n<meta property=\"og:type\" content=\"article\" \/>\n<meta property=\"og:title\" content=\"Myter om hjertestop\" \/>\n<meta property=\"og:description\" content=\"Der findes mange historier om f\u00f8rstehj\u00e6lp og mange barrierer for ikke at g\u00f8re noget i situationen.\u00a0Her afliver vi de v\u00e6rste myter og erstatter dem med fakta. Myte 1 Mere end halvdelen af dem, der rammes af hjertestop uden for hospital overlever Det er forkert. Overlevelsen efter hjertestop uden for hospital er i dag ca. 14 [&hellip;]\" \/>\n<meta property=\"og:url\" content=\"https:\/\/hjerteforeningen.dk\/hjerteredder\/faq\/myter-om-hjertestop\/\" \/>\n<meta property=\"og:site_name\" content=\"Hjerteredder\" \/>\n<meta property=\"article:modified_time\" content=\"2025-05-01T08:52:55+00:00\" \/>\n<meta property=\"og:image\" content=\"https:\/\/hjerteforeningen.dk\/hjerteredder\/wp-content\/uploads\/sites\/4\/2024\/12\/fakta-og-myter-om-hjertestop-800x450-1-1.webp\" \/>\n\t<meta property=\"og:image:width\" content=\"800\" \/>\n\t<meta property=\"og:image:height\" content=\"450\" \/>\n\t<meta property=\"og:image:type\" content=\"image\/jpeg\" \/>\n<meta name=\"twitter:card\" content=\"summary_large_image\" \/>\n<meta name=\"twitter:label1\" content=\"Estimeret l\u00e6setid\" \/>\n\t<meta name=\"twitter:data1\" content=\"6 minutter\" \/>\n<script type=\"application\/ld+json\" class=\"yoast-schema-graph\">{\"@context\":\"https:\/\/schema.org\",\"@graph\":[{\"@type\":\"WebPage\",\"@id\":\"https:\/\/hjerteforeningen.dk\/hjerteredder\/faq\/myter-om-hjertestop\/\",\"url\":\"https:\/\/hjerteforeningen.dk\/hjerteredder\/faq\/myter-om-hjertestop\/\",\"name\":\"Myter om hjertestop - Hjerteredder\",\"isPartOf\":{\"@id\":\"https:\/\/hjerteforeningen.dk\/hjerteredder\/#website\"},\"primaryImageOfPage\":{\"@id\":\"https:\/\/hjerteforeningen.dk\/hjerteredder\/faq\/myter-om-hjertestop\/#primaryimage\"},\"image\":{\"@id\":\"https:\/\/hjerteforeningen.dk\/hjerteredder\/faq\/myter-om-hjertestop\/#primaryimage\"},\"thumbnailUrl\":\"https:\/\/hjerteforeningen.dk\/hjerteredder\/wp-content\/uploads\/sites\/4\/2024\/12\/fakta-og-myter-om-hjertestop-800x450-1-1.webp\",\"datePublished\":\"2024-12-09T15:15:08+00:00\",\"dateModified\":\"2025-05-01T08:52:55+00:00\",\"breadcrumb\":{\"@id\":\"https:\/\/hjerteforeningen.dk\/hjerteredder\/faq\/myter-om-hjertestop\/#breadcrumb\"},\"inLanguage\":\"da-DK\",\"potentialAction\":[{\"@type\":\"ReadAction\",\"target\":[\"https:\/\/hjerteforeningen.dk\/hjerteredder\/faq\/myter-om-hjertestop\/\"]}]},{\"@type\":\"ImageObject\",\"inLanguage\":\"da-DK\",\"@id\":\"https:\/\/hjerteforeningen.dk\/hjerteredder\/faq\/myter-om-hjertestop\/#primaryimage\",\"url\":\"https:\/\/hjerteforeningen.dk\/hjerteredder\/wp-content\/uploads\/sites\/4\/2024\/12\/fakta-og-myter-om-hjertestop-800x450-1-1.webp\",\"contentUrl\":\"https:\/\/hjerteforeningen.dk\/hjerteredder\/wp-content\/uploads\/sites\/4\/2024\/12\/fakta-og-myter-om-hjertestop-800x450-1-1.webp\",\"width\":800,\"height\":450},{\"@type\":\"BreadcrumbList\",\"@id\":\"https:\/\/hjerteforeningen.dk\/hjerteredder\/faq\/myter-om-hjertestop\/#breadcrumb\",\"itemListElement\":[{\"@type\":\"ListItem\",\"position\":1,\"name\":\"Hjem\",\"item\":\"https:\/\/hjerteforeningen.dk\/hjerteredder\/\"},{\"@type\":\"ListItem\",\"position\":2,\"name\":\"FAQ\",\"item\":\"https:\/\/hjerteforeningen.dk\/hjerteredder\/?page_id=16\"},{\"@type\":\"ListItem\",\"position\":3,\"name\":\"Myter om hjertestop\"}]},{\"@type\":\"WebSite\",\"@id\":\"https:\/\/hjerteforeningen.dk\/hjerteredder\/#website\",\"url\":\"https:\/\/hjerteforeningen.dk\/hjerteredder\/\",\"name\":\"Hjerteredder\",\"description\":\"Red liv med et hjerteredderkursus\",\"publisher\":{\"@id\":\"https:\/\/hjerteforeningen.dk\/hjerteredder\/#organization\"},\"potentialAction\":[{\"@type\":\"SearchAction\",\"target\":{\"@type\":\"EntryPoint\",\"urlTemplate\":\"https:\/\/hjerteforeningen.dk\/hjerteredder\/?s={search_term_string}\"},\"query-input\":{\"@type\":\"PropertyValueSpecification\",\"valueRequired\":true,\"valueName\":\"search_term_string\"}}],\"inLanguage\":\"da-DK\"},{\"@type\":\"Organization\",\"@id\":\"https:\/\/hjerteforeningen.dk\/hjerteredder\/#organization\",\"name\":\"Hjerteforeningen\",\"url\":\"https:\/\/hjerteforeningen.dk\/hjerteredder\/\",\"logo\":{\"@type\":\"ImageObject\",\"inLanguage\":\"da-DK\",\"@id\":\"https:\/\/hjerteforeningen.dk\/hjerteredder\/#\/schema\/logo\/image\/\",\"url\":\"https:\/\/hjerteforeningen.dk\/hjerteredder\/wp-content\/uploads\/sites\/4\/2025\/05\/logo.svg\",\"contentUrl\":\"https:\/\/hjerteforeningen.dk\/hjerteredder\/wp-content\/uploads\/sites\/4\/2025\/05\/logo.svg\",\"width\":157,\"height\":65,\"caption\":\"Hjerteforeningen\"},\"image\":{\"@id\":\"https:\/\/hjerteforeningen.dk\/hjerteredder\/#\/schema\/logo\/image\/\"}}]}<\/script>\n<!-- \/ Yoast SEO Premium plugin. -->","yoast_head_json":{"title":"Myter om hjertestop - Hjerteredder","robots":{"index":"index","follow":"follow","max-snippet":"max-snippet:-1","max-image-preview":"max-image-preview:large","max-video-preview":"max-video-preview:-1"},"canonical":"https:\/\/hjerteforeningen.dk\/hjerteredder\/faq\/myter-om-hjertestop\/","og_locale":"da_DK","og_type":"article","og_title":"Myter om hjertestop","og_description":"Der findes mange historier om f\u00f8rstehj\u00e6lp og mange barrierer for ikke at g\u00f8re noget i situationen.\u00a0Her afliver vi de v\u00e6rste myter og erstatter dem med fakta. Myte 1 Mere end halvdelen af dem, der rammes af hjertestop uden for hospital overlever Det er forkert. Overlevelsen efter hjertestop uden for hospital er i dag ca. 14 [&hellip;]","og_url":"https:\/\/hjerteforeningen.dk\/hjerteredder\/faq\/myter-om-hjertestop\/","og_site_name":"Hjerteredder","article_modified_time":"2025-05-01T08:52:55+00:00","og_image":[{"width":800,"height":450,"url":"https:\/\/hjerteforeningen.dk\/hjerteredder\/wp-content\/uploads\/sites\/4\/2024\/12\/fakta-og-myter-om-hjertestop-800x450-1-1.webp","type":"image\/jpeg"}],"twitter_card":"summary_large_image","twitter_misc":{"Estimeret l\u00e6setid":"6 minutter"},"schema":{"@context":"https:\/\/schema.org","@graph":[{"@type":"WebPage","@id":"https:\/\/hjerteforeningen.dk\/hjerteredder\/faq\/myter-om-hjertestop\/","url":"https:\/\/hjerteforeningen.dk\/hjerteredder\/faq\/myter-om-hjertestop\/","name":"Myter om hjertestop - Hjerteredder","isPartOf":{"@id":"https:\/\/hjerteforeningen.dk\/hjerteredder\/#website"},"primaryImageOfPage":{"@id":"https:\/\/hjerteforeningen.dk\/hjerteredder\/faq\/myter-om-hjertestop\/#primaryimage"},"image":{"@id":"https:\/\/hjerteforeningen.dk\/hjerteredder\/faq\/myter-om-hjertestop\/#primaryimage"},"thumbnailUrl":"https:\/\/hjerteforeningen.dk\/hjerteredder\/wp-content\/uploads\/sites\/4\/2024\/12\/fakta-og-myter-om-hjertestop-800x450-1-1.webp","datePublished":"2024-12-09T15:15:08+00:00","dateModified":"2025-05-01T08:52:55+00:00","breadcrumb":{"@id":"https:\/\/hjerteforeningen.dk\/hjerteredder\/faq\/myter-om-hjertestop\/#breadcrumb"},"inLanguage":"da-DK","potentialAction":[{"@type":"ReadAction","target":["https:\/\/hjerteforeningen.dk\/hjerteredder\/faq\/myter-om-hjertestop\/"]}]},{"@type":"ImageObject","inLanguage":"da-DK","@id":"https:\/\/hjerteforeningen.dk\/hjerteredder\/faq\/myter-om-hjertestop\/#primaryimage","url":"https:\/\/hjerteforeningen.dk\/hjerteredder\/wp-content\/uploads\/sites\/4\/2024\/12\/fakta-og-myter-om-hjertestop-800x450-1-1.webp","contentUrl":"https:\/\/hjerteforeningen.dk\/hjerteredder\/wp-content\/uploads\/sites\/4\/2024\/12\/fakta-og-myter-om-hjertestop-800x450-1-1.webp","width":800,"height":450},{"@type":"BreadcrumbList","@id":"https:\/\/hjerteforeningen.dk\/hjerteredder\/faq\/myter-om-hjertestop\/#breadcrumb","itemListElement":[{"@type":"ListItem","position":1,"name":"Hjem","item":"https:\/\/hjerteforeningen.dk\/hjerteredder\/"},{"@type":"ListItem","position":2,"name":"FAQ","item":"https:\/\/hjerteforeningen.dk\/hjerteredder\/?page_id=16"},{"@type":"ListItem","position":3,"name":"Myter om hjertestop"}]},{"@type":"WebSite","@id":"https:\/\/hjerteforeningen.dk\/hjerteredder\/#website","url":"https:\/\/hjerteforeningen.dk\/hjerteredder\/","name":"Hjerteredder","description":"Red liv med et hjerteredderkursus","publisher":{"@id":"https:\/\/hjerteforeningen.dk\/hjerteredder\/#organization"},"potentialAction":[{"@type":"SearchAction","target":{"@type":"EntryPoint","urlTemplate":"https:\/\/hjerteforeningen.dk\/hjerteredder\/?s={search_term_string}"},"query-input":{"@type":"PropertyValueSpecification","valueRequired":true,"valueName":"search_term_string"}}],"inLanguage":"da-DK"},{"@type":"Organization","@id":"https:\/\/hjerteforeningen.dk\/hjerteredder\/#organization","name":"Hjerteforeningen","url":"https:\/\/hjerteforeningen.dk\/hjerteredder\/","logo":{"@type":"ImageObject","inLanguage":"da-DK","@id":"https:\/\/hjerteforeningen.dk\/hjerteredder\/#\/schema\/logo\/image\/","url":"https:\/\/hjerteforeningen.dk\/hjerteredder\/wp-content\/uploads\/sites\/4\/2025\/05\/logo.svg","contentUrl":"https:\/\/hjerteforeningen.dk\/hjerteredder\/wp-content\/uploads\/sites\/4\/2025\/05\/logo.svg","width":157,"height":65,"caption":"Hjerteforeningen"},"image":{"@id":"https:\/\/hjerteforeningen.dk\/hjerteredder\/#\/schema\/logo\/image\/"}}]}},"acf":[],"_links":{"self":[{"href":"https:\/\/hjerteforeningen.dk\/hjerteredder\/wp-json\/wp\/v2\/pages\/372","targetHints":{"allow":["GET"]}}],"collection":[{"href":"https:\/\/hjerteforeningen.dk\/hjerteredder\/wp-json\/wp\/v2\/pages"}],"about":[{"href":"https:\/\/hjerteforeningen.dk\/hjerteredder\/wp-json\/wp\/v2\/types\/page"}],"author":[{"embeddable":true,"href":"https:\/\/hjerteforeningen.dk\/hjerteredder\/wp-json\/wp\/v2\/users\/25"}],"replies":[{"embeddable":true,"href":"https:\/\/hjerteforeningen.dk\/hjerteredder\/wp-json\/wp\/v2\/comments?post=372"}],"version-history":[{"count":0,"href":"https:\/\/hjerteforeningen.dk\/hjerteredder\/wp-json\/wp\/v2\/pages\/372\/revisions"}],"up":[{"embeddable":true,"href":"https:\/\/hjerteforeningen.dk\/hjerteredder\/wp-json\/wp\/v2\/pages\/16"}],"wp:featuredmedia":[{"embeddable":true,"href":"https:\/\/hjerteforeningen.dk\/hjerteredder\/wp-json\/wp\/v2\/media\/374"}],"wp:attachment":[{"href":"https:\/\/hjerteforeningen.dk\/hjerteredder\/wp-json\/wp\/v2\/media?parent=372"}],"wp:term":[{"taxonomy":"global-tag","embeddable":true,"href":"https:\/\/hjerteforeningen.dk\/hjerteredder\/wp-json\/wp\/v2\/global-tag?post=372"}],"curies":[{"name":"wp","href":"https:\/\/api.w.org\/{rel}","templated":true}]}}