{"id":844,"date":"2025-08-07T10:06:21","date_gmt":"2025-08-07T08:06:21","guid":{"rendered":"https:\/\/hjerteforeningen.dk\/hjertegalla\/?page_id=844"},"modified":"2025-09-04T14:31:45","modified_gmt":"2025-09-04T12:31:45","slug":"hjerteredderhistorie_hanne","status":"publish","type":"page","link":"https:\/\/hjerteforeningen.dk\/hjertegalla\/aarets-hjerteredder\/hjerteredderhistorie_hanne\/","title":{"rendered":"Hjerteredderhistorie_Hanne"},"content":{"rendered":"\t\t<div data-elementor-type=\"wp-page\" data-elementor-id=\"844\" class=\"elementor elementor-844\" data-elementor-post-type=\"page\">\n\t\t\t\t<div class=\"elementor-element elementor-element-53ecf74 e-flex e-con-boxed e-con e-parent\" data-id=\"53ecf74\" data-element_type=\"container\">\n\t\t\t\t\t<div class=\"e-con-inner\">\n\t\t\t\t<div class=\"elementor-element elementor-element-a16c7d8 elementor-widget elementor-widget-campaign-hero\" data-id=\"a16c7d8\" data-element_type=\"widget\" data-widget_type=\"campaign-hero.default\">\n\t\t\t\t<div class=\"elementor-widget-container\">\n\t\t\t\t\t        <div class=\"hf-campaign-hero hf-large-width-wrapper\">\n            <div class=\"hf-hero\">\n                                    <div class=\"background-image-container\">\n                        <img decoding=\"async\" class=\"featured-image\" src=\"\" alt=\"\">\n                        <div class=\"overlay\"><\/div>\n                    <\/div>\n                                <div class=\"hero-content-wrapper hf-standard-width-container\">\n                    <div class=\"text-container\">\n                        <h1 class=\"heading hf-header-xxxl\">Thorkild troede, at hans kone var v\u00e6k. Men s\u00e5 kom h\u00e5bet <\/h1>\n                                                    <div class=\"hf-divider\"><\/div>\n                                                <p class=\"sub-heading sub-heading-text\">Der var ingen tegn p\u00e5, at 62-\u00e5rige Hanne fejlede noget, f\u00f8r hun faldt om en morgen i november. Ved et held var hendes mand, Thorkild, hjemme fra arbejde og vidste, hvad han skulle g\u00f8re. <\/p>\n                                            <\/div>\n                                            <div class=\"media-container hf-image-container\">                    \n                             \n                                    <img decoding=\"async\" src=\"https:\/\/hjerteforeningen.dk\/hjertegalla\/wp-content\/uploads\/sites\/3\/2025\/08\/Thorkild-og-Hanne.jpg\" class=\"hf-image \" alt=\"\" \/>\n                                                <\/div>\n                                    <\/div>\n            <\/div>\n                    <\/div>\n    \t\t\t\t<\/div>\n\t\t\t\t<\/div>\n\t\t\t\t<div class=\"hf-narrow-center-div elementor-element elementor-element-f4551be elementor-widget elementor-widget-text-editor\" data-id=\"f4551be\" data-element_type=\"widget\" data-widget_type=\"text-editor.default\">\n\t\t\t\t<div class=\"elementor-widget-container\">\n\t\t\t\t\t\t\t\t\t<p>For nogle \u00e5r siden havde Hanne en dag v\u00e6ret ved at blive kvalt i en bid mad og kunne ikke f\u00e5 vejret, da Thorkild r\u00e5dvild havde hentet hende et glas vand.<\/p><p>\u201dJeg t\u00e6nkte, det g\u00e5r jo ikke at have s\u00e5dan en vattet mand, der ikke ved, hvad han skal g\u00f8re og bare st\u00e5r der og glor,\u201d fort\u00e6ller Hanne. <\/p><p>S\u00e5 da der sidste \u00e5r i april dukkede et f\u00f8rstehj\u00e6lpskursus op i Varde, hvor de bor, meldte hun dem til. Det var nok en god ide at l\u00e6re, meddelte hun Thorkild.<\/p><p>\u201dOg det m\u00e5 jeg indr\u00f8mme, det var det s\u00e5 ogs\u00e5, da jeg stod og skulle bruge det,\u201d siger han.<\/p>\t\t\t\t\t\t\t\t<\/div>\n\t\t\t\t<\/div>\n\t\t\t\t<div class=\"hf-narrow-center-div elementor-element elementor-element-6940ee2 elementor-widget elementor-widget-quote\" data-id=\"6940ee2\" data-element_type=\"widget\" data-widget_type=\"quote.default\">\n\t\t\t\t<div class=\"elementor-widget-container\">\n\t\t\t\t\t        <div class=\"quote-container no-print\">\n            <div class=\"hf-divider\"><\/div>\n            <div class=\"hf-quote-text\">\n                <p>\u201dDet var jo enormt heldigt, for ellers\u2026\u201d<\/p>            <\/div>\n            <div class=\"hf-divider\"><\/div>\n            <div class=\"hf-divider\"><\/div>\n            <div class=\"hf-divider\"><\/div>\n        <\/div>\n    \t\t\t\t<\/div>\n\t\t\t\t<\/div>\n\t\t\t\t<div class=\"hf-narrow-center-div elementor-element elementor-element-a1e1687 elementor-widget elementor-widget-text-editor\" data-id=\"a1e1687\" data-element_type=\"widget\" data-widget_type=\"text-editor.default\">\n\t\t\t\t<div class=\"elementor-widget-container\">\n\t\t\t\t\t\t\t\t\t<h3>Syv br\u00e6kkede ribben<\/h3><p>Det var godt et halvt \u00e5r senere, kl. halv ni om morgenen, tirsdag den 5. november 2024, at Thorkild fik brug for det f\u00f8rstehj\u00e6lpskursus, fort\u00e6ller han.<\/p><p>\u201dDet tidspunkt glemmer jeg sgu aldrig for at v\u00e6re helt \u00e6rlig.\u201d<\/p><p>Egentlig skulle han have v\u00e6ret p\u00e5 arbejde. 70-\u00e5rige Thorkild er pensioneret murer, men arbejder stadig to gange om ugen. Tilf\u00e6ldigvis havde hans chef dog aflyst vagten den dag.<\/p><p>\u201dDet var jo enormt heldigt, for ellers\u2026\u201d<\/p><p>Thorkild afbryder sig selv.\u00a0<\/p><p>Hanne var ikke hjertepatient. Hun havde aldrig m\u00e6rket noget til sit hjerte, og der var intet forvarsel om, hvad der ville ske, f\u00f8r det skete.\u00a0Parret, der har v\u00e6ret gift i 31 \u00e5r, sad den morgen over for hinanden i hver deres sofa og talte om, at Hanne snart ville k\u00f8re til Esbjerg for at m\u00f8des med deres datter.<\/p><p>Ud af det bl\u00e5 rejste hun sig halvt op, inden hun v\u00e6ltede forover.<\/p><p>\u201dF\u00f8rst t\u00e6nkte jeg, nu m\u00e5 du lige styre dig,\u201d fort\u00e6ller Thorkild, \u201dmen s\u00e5 var jeg jo hurtigt over hende og kunne med det samme se, at det var alvorligt.\u201d<\/p><p>Han trykkede 112 og gik i gang med hjertemassage.<\/p><p>\u201dEfter de f\u00f8rste 30 tryk og to pust\u2026 jeg troede faktisk, at det var ovre. Hun reagerede overhovedet ikke, hun var fuldst\u00e6ndig v\u00e6k.\u201d<\/p><p>Han m\u00e5tte trykke h\u00e5rdere, t\u00e6nkte han, og endte ogs\u00e5 med at br\u00e6kke syv af hendes ribben.<\/p><p>\u201dVed de n\u00e6ste 30 tryk kunne jeg se, at hun fik lidt spyt op, og s\u00e5 var der h\u00e5b. Jeg sagde til mig selv: Nu skal du tage det roligt og koncentrere dig. Og det gjorde jeg s\u00e5.\u201d<\/p><p>Thorkild mistede tidsfornemmelsen, men g\u00e6tter p\u00e5, at der gik omkring ti minutter, inden ambulancereddere, l\u00e6ger og en hjertel\u00f8ber dukkede op, og Hanne blev k\u00f8rt til Esbjerg Lufthavn og fl\u00f8jet til Odense Universitetshospital med helikopter.<\/p>\t\t\t\t\t\t\t\t<\/div>\n\t\t\t\t<\/div>\n\t\t\t\t<div class=\"hf-narrow-center-div elementor-element elementor-element-23d415d elementor-widget elementor-widget-quote\" data-id=\"23d415d\" data-element_type=\"widget\" data-widget_type=\"quote.default\">\n\t\t\t\t<div class=\"elementor-widget-container\">\n\t\t\t\t\t        <div class=\"quote-container no-print\">\n            <div class=\"hf-divider\"><\/div>\n            <div class=\"hf-quote-text\">\n                <p>\"Han gav mig en stor krammer og sagde: Nu skal vi fandeme bare leve det her liv.\"<\/p>            <\/div>\n            <div class=\"hf-divider\"><\/div>\n            <div class=\"hf-divider\"><\/div>\n            <div class=\"hf-divider\"><\/div>\n        <\/div>\n    \t\t\t\t<\/div>\n\t\t\t\t<\/div>\n\t\t\t\t<div class=\"hf-narrow-center-div elementor-element elementor-element-43be758 elementor-widget elementor-widget-text-editor\" data-id=\"43be758\" data-element_type=\"widget\" data-widget_type=\"text-editor.default\">\n\t\t\t\t<div class=\"elementor-widget-container\">\n\t\t\t\t\t\t\t\t\t<h3>Et knust hjerte<\/h3><p>K\u00f8returen fra Varde til Odense f\u00f8ltes lang, og tankerne k\u00f8rte i ring:<\/p><p>\u201dHvad var det, vi kom over til? Fik vi hende helt tilbage igen?\u201d siger Thorkild, der sammen med deres to b\u00f8rn n\u00e5ede at vente et d\u00f8gn, inden Hanne kom til sig selv.<\/p><p>Hanne fort\u00e6ller:<\/p><p>\u201dJeg husker, at jeg v\u00e5gner op og kigger ind i tre ansigter og vores b\u00f8rns dybe, bl\u00e5 \u00f8jne.\u201d<\/p><p>Ellers husker hun stort set ikke noget fra de dage, men hun har f\u00e5et fortalt, at hun var komplet forvirret og sagde det samme om og om igen. En helt almindelig reaktion, forsikrede sygeplejerskerne.<\/p><p>\u201dJeg fik jo at vide, at jeg l\u00e5 i Odense. Jeg gik bare ikke s\u00e5 meget op i, hvad der var sket med mig, men spurgte flere gange min familie, om de s\u00e5 ikke skulle i Zoologisk Have. Og mine b\u00f8rn er alts\u00e5 30 og 36 \u00e5r,\u201d griner Hanne.<\/p><p>L\u00e6gerne endte med at give hende diagnosen stresskardiomyopati eller \u201dbroken heart syndrome\u201d, som det kaldes, fordi det kan udl\u00f8ses af psykisk stress.<\/p><p>\u201dAt man simpelthen er blevet s\u00e5 p\u00e5virket f\u00f8lelsesm\u00e6ssigt, at ens hjerte giver efter,\u201d siger Hanne, som p\u00e5 det tidspunkt gennemlevede en sv\u00e6r tid, efter hendes far var d\u00f8d f\u00e5 m\u00e5neder tidligere.<\/p><h3>Livet er for kort<\/h3><p>Hjemme i Varde var b\u00e5de Thorkild og Hanne m\u00e6rkede af oplevelsen.<\/p><p>\u201dDe f\u00f8rste 14 dage var forf\u00e6rdelige,\u201d siger Thorkild.<\/p><p>Det l\u00e5 konstant i baghovedet, hvad der kunne v\u00e6re sket. Hvis han havde v\u00e6ret p\u00e5 arbejde som normalt. Hvis han tilf\u00e6ldigvis havde v\u00e6ret i haven.<\/p><p>\u201dDer skulle ikke meget til, f\u00f8r jeg ikke havde v\u00e6ret der,\u201d som han siger.<\/p><p>Han n\u00e5ede ogs\u00e5 at kontakte en psykolog, men kom aldrig rigtigt i gang. For heldigvis fik Hanne det hurtigt bedre. Lige f\u00f8rst var det dog sv\u00e6rt, fort\u00e6ller hun.<\/p><p>\u201dJeg kom hjem og f\u00f8lte mig meget ensom i min sygdom, for der var jo ikke andre, der vidste, hvad jeg havde gennemg\u00e5et. Jeg levede n\u00e6rmest i en osteklokke.\u201d<\/p><p>Hanne ops\u00f8gte f\u00e6llesskaber med andre hjertepatienter, ligesom hun gik mange lange ture og overtalte l\u00e6gerne til, at hun hurtigt kunne vende tilbage til sine gymnastikhold.<\/p><p>Det er g\u00e5et st\u00e6rkt med at f\u00e5 det bedre, og det gjorde det ogs\u00e5 lettere for Thorkild, at han hele tiden kunne se fremskridt.<\/p><p>\u201dOg nu er hun, som hun plejer at v\u00e6re,\u201d siger han.<\/p><p>I dag synes Hanne ogs\u00e5 selv, at hun har det godt.<\/p><p>\u201dOgs\u00e5 psykisk,\u201d tilf\u00f8jer hun, \u201djeg frygtede, at jeg skulle ryge ned i et hul, men jeg har det faktisk rigtigt godt.\u201d<\/p><p>Lige f\u00f8r jul sidste \u00e5r m\u00f8dte hun en ven, som hun l\u00f8ber orienteringsl\u00f8b med. Ligesom hende var han ogs\u00e5 faldet pludseligt om og var blevet hentet med en helikopter ude i skoven efter en blodprop.<\/p><p>\u201dHan gav mig en stor krammer og sagde: Nu skal vi fandeme bare leve det her liv. Ja, gu\u2019 skal vi s\u00e5, sagde jeg. Og den indstilling har jeg bare. Livet er for kort til andet.\u201d<\/p><p>Hanne omtaler desuden ikke l\u00e6ngere Thorkild som \u201dvattet\u201d.<\/p><p>\u201dJeg er dybt taknemmelig over, at han har reddet mig. Han er jo min helt nu \u2013 endnu mere end f\u00f8r.\u201d<\/p>\t\t\t\t\t\t\t\t<\/div>\n\t\t\t\t<\/div>\n\t\t\t\t\t<\/div>\n\t\t\t\t<\/div>\n\t\t<div class=\"elementor-element elementor-element-cc61b19 e-flex e-con-boxed e-con e-parent\" data-id=\"cc61b19\" data-element_type=\"container\">\n\t\t\t\t\t<div class=\"e-con-inner\">\n\t\t\t\t<div class=\"elementor-element elementor-element-74e5809 elementor-widget elementor-widget-teaser-xlarge\" data-id=\"74e5809\" data-element_type=\"widget\" data-widget_type=\"teaser-xlarge.default\">\n\t\t\t\t<div class=\"elementor-widget-container\">\n\t\t\t\t\t        <div class=\"hf-full-width-wrapper teaser-xl-wrapper\">\n            <div class=\"teaser-xl-base hf-small-width-container  row-reversed\">\n                <div class=\"hf-image-container\">\n                     \n                                    <img decoding=\"async\" src=\"https:\/\/hjerteforeningen.dk\/hjertegalla\/wp-content\/uploads\/sites\/3\/2024\/09\/foerstehjaelp-768x512.jpg\" class=\"hf-image \" alt=\"foerstehjaelp\" \/>\n                                        <\/div>\n                <div class=\"text-container\">\n                                        <div class=\"hf-header-xl\">Vil du l\u00e6re at tr\u00e6de til ved hjertestop?<\/div>\n                                            <div class=\"hf-divider\"><\/div>\n                                                                <div class=\"hf-text-l\">Vil du og dine kollegaer, venner eller familie l\u00e6re at redde liv?\n\nVi tilbyder Hjerteredderkursus - 30 minutters intro i genoplivning, hvis I kan samle en gruppe p\u00e5 min. 5 personer.\nKurset varer kun 30 min. og instrukt\u00f8ren kommer til jer. \n\nHjerteredderkurset er gratis for private. <\/div>\n                                                                <a id=\"\" \n                         \n                            href=\"https:\/\/hjerteredder.dk\/\" \n                                                target=\"_blank\" class=\"hf-btn\">\n                            L\u00e6s mere                        <\/a>\n                                    <\/div>\n            <\/div>\n        <\/div>\n    \t\t\t\t<\/div>\n\t\t\t\t<\/div>\n\t\t\t\t\t<\/div>\n\t\t\t\t<\/div>\n\t\t\t\t<\/div>\n\t\t","protected":false},"excerpt":{"rendered":"<p>Thorkild troede, at hans kone var v\u00e6k. Men s\u00e5 kom h\u00e5bet Der var ingen tegn p\u00e5, at 62-\u00e5rige Hanne fejlede noget, f\u00f8r hun faldt om en morgen i november. Ved et held var hendes mand, Thorkild, hjemme fra arbejde og vidste, hvad han skulle g\u00f8re. For nogle \u00e5r siden havde Hanne en dag v\u00e6ret ved [&hellip;]<\/p>\n","protected":false},"author":8,"featured_media":0,"parent":187,"menu_order":0,"comment_status":"closed","ping_status":"closed","template":"","meta":{"_acf_changed":true,"footnotes":""},"global-tag":[],"class_list":["post-844","page","type-page","status-publish","hentry"],"yoast_head":"<!-- This site is optimized with the Yoast SEO Premium plugin v23.5 (Yoast SEO v26.2) - https:\/\/yoast.com\/wordpress\/plugins\/seo\/ -->\n<title>Hjerteredderhistorie_Hanne - Hjertegalla<\/title>\n<meta name=\"description\" content=\"Der var ingen tegn p\u00e5, at 62-\u00e5rige Hanne fejlede noget, f\u00f8r hun faldt om en morgen. Thorkild troede, at hans kone var v\u00e6k. Men s\u00e5 kom h\u00e5bet.\" \/>\n<meta name=\"robots\" content=\"index, follow, max-snippet:-1, max-image-preview:large, max-video-preview:-1\" \/>\n<link rel=\"canonical\" href=\"https:\/\/hjerteforeningen.dk\/hjertegalla\/aarets-hjerteredder\/hjerteredderhistorie_hanne\/\" \/>\n<meta property=\"og:locale\" content=\"da_DK\" \/>\n<meta property=\"og:type\" content=\"article\" \/>\n<meta property=\"og:title\" content=\"Hjerteredderhistorie_Hanne\" \/>\n<meta property=\"og:description\" content=\"Der var ingen tegn p\u00e5, at 62-\u00e5rige Hanne fejlede noget, f\u00f8r hun faldt om en morgen. Thorkild troede, at hans kone var v\u00e6k. Men s\u00e5 kom h\u00e5bet.\" \/>\n<meta property=\"og:url\" content=\"https:\/\/hjerteforeningen.dk\/hjertegalla\/aarets-hjerteredder\/hjerteredderhistorie_hanne\/\" \/>\n<meta property=\"og:site_name\" content=\"Hjertegalla\" \/>\n<meta property=\"article:modified_time\" content=\"2025-09-04T12:31:45+00:00\" \/>\n<meta property=\"og:image\" content=\"https:\/\/hjerteforeningen.dk\/hjertegalla\/wp-content\/uploads\/sites\/3\/2025\/08\/Thorkild-og-Hanne.jpg\" \/>\n<meta name=\"twitter:card\" content=\"summary_large_image\" \/>\n<meta name=\"twitter:label1\" content=\"Estimeret l\u00e6setid\" \/>\n\t<meta name=\"twitter:data1\" content=\"7 minutter\" \/>\n<script type=\"application\/ld+json\" class=\"yoast-schema-graph\">{\"@context\":\"https:\/\/schema.org\",\"@graph\":[{\"@type\":\"WebPage\",\"@id\":\"https:\/\/hjerteforeningen.dk\/hjertegalla\/aarets-hjerteredder\/hjerteredderhistorie_hanne\/\",\"url\":\"https:\/\/hjerteforeningen.dk\/hjertegalla\/aarets-hjerteredder\/hjerteredderhistorie_hanne\/\",\"name\":\"Hjerteredderhistorie_Hanne - Hjertegalla\",\"isPartOf\":{\"@id\":\"https:\/\/hjerteforeningen.dk\/hjertegalla\/#website\"},\"primaryImageOfPage\":{\"@id\":\"https:\/\/hjerteforeningen.dk\/hjertegalla\/aarets-hjerteredder\/hjerteredderhistorie_hanne\/#primaryimage\"},\"image\":{\"@id\":\"https:\/\/hjerteforeningen.dk\/hjertegalla\/aarets-hjerteredder\/hjerteredderhistorie_hanne\/#primaryimage\"},\"thumbnailUrl\":\"https:\/\/hjerteforeningen.dk\/hjertegalla\/wp-content\/uploads\/sites\/3\/2025\/08\/Thorkild-og-Hanne.jpg\",\"datePublished\":\"2025-08-07T08:06:21+00:00\",\"dateModified\":\"2025-09-04T12:31:45+00:00\",\"description\":\"Der var ingen tegn p\u00e5, at 62-\u00e5rige Hanne fejlede noget, f\u00f8r hun faldt om en morgen. Thorkild troede, at hans kone var v\u00e6k. Men s\u00e5 kom h\u00e5bet.\",\"breadcrumb\":{\"@id\":\"https:\/\/hjerteforeningen.dk\/hjertegalla\/aarets-hjerteredder\/hjerteredderhistorie_hanne\/#breadcrumb\"},\"inLanguage\":\"da-DK\",\"potentialAction\":[{\"@type\":\"ReadAction\",\"target\":[\"https:\/\/hjerteforeningen.dk\/hjertegalla\/aarets-hjerteredder\/hjerteredderhistorie_hanne\/\"]}]},{\"@type\":\"ImageObject\",\"inLanguage\":\"da-DK\",\"@id\":\"https:\/\/hjerteforeningen.dk\/hjertegalla\/aarets-hjerteredder\/hjerteredderhistorie_hanne\/#primaryimage\",\"url\":\"https:\/\/hjerteforeningen.dk\/hjertegalla\/wp-content\/uploads\/sites\/3\/2025\/08\/Thorkild-og-Hanne.jpg\",\"contentUrl\":\"https:\/\/hjerteforeningen.dk\/hjertegalla\/wp-content\/uploads\/sites\/3\/2025\/08\/Thorkild-og-Hanne.jpg\",\"width\":984,\"height\":554},{\"@type\":\"BreadcrumbList\",\"@id\":\"https:\/\/hjerteforeningen.dk\/hjertegalla\/aarets-hjerteredder\/hjerteredderhistorie_hanne\/#breadcrumb\",\"itemListElement\":[{\"@type\":\"ListItem\",\"position\":1,\"name\":\"Home\",\"item\":\"https:\/\/hjerteforeningen.dk\/hjertegalla\/\"},{\"@type\":\"ListItem\",\"position\":2,\"name\":\"\u00c5rets hjerteredder\",\"item\":\"https:\/\/hjerteforeningen.dk\/hjertegalla\/aarets-hjerteredder\/\"},{\"@type\":\"ListItem\",\"position\":3,\"name\":\"Hjerteredderhistorie_Hanne\"}]},{\"@type\":\"WebSite\",\"@id\":\"https:\/\/hjerteforeningen.dk\/hjertegalla\/#website\",\"url\":\"https:\/\/hjerteforeningen.dk\/hjertegalla\/\",\"name\":\"Hjertegalla\",\"description\":\"\",\"publisher\":{\"@id\":\"https:\/\/hjerteforeningen.dk\/hjertegalla\/#organization\"},\"potentialAction\":[{\"@type\":\"SearchAction\",\"target\":{\"@type\":\"EntryPoint\",\"urlTemplate\":\"https:\/\/hjerteforeningen.dk\/hjertegalla\/?s={search_term_string}\"},\"query-input\":{\"@type\":\"PropertyValueSpecification\",\"valueRequired\":true,\"valueName\":\"search_term_string\"}}],\"inLanguage\":\"da-DK\"},{\"@type\":\"Organization\",\"@id\":\"https:\/\/hjerteforeningen.dk\/hjertegalla\/#organization\",\"name\":\"Hjertegalla\",\"url\":\"https:\/\/hjerteforeningen.dk\/hjertegalla\/\",\"logo\":{\"@type\":\"ImageObject\",\"inLanguage\":\"da-DK\",\"@id\":\"https:\/\/hjerteforeningen.dk\/hjertegalla\/#\/schema\/logo\/image\/\",\"url\":\"https:\/\/hjerteforeningen.dk\/hjertegalla\/wp-content\/uploads\/sites\/3\/2024\/08\/cropped-cropped-cropped-weblogo-HG.png\",\"contentUrl\":\"https:\/\/hjerteforeningen.dk\/hjertegalla\/wp-content\/uploads\/sites\/3\/2024\/08\/cropped-cropped-cropped-weblogo-HG.png\",\"width\":173,\"height\":49,\"caption\":\"Hjertegalla\"},\"image\":{\"@id\":\"https:\/\/hjerteforeningen.dk\/hjertegalla\/#\/schema\/logo\/image\/\"}}]}<\/script>\n<!-- \/ Yoast SEO Premium plugin. -->","yoast_head_json":{"title":"Hjerteredderhistorie_Hanne - Hjertegalla","description":"Der var ingen tegn p\u00e5, at 62-\u00e5rige Hanne fejlede noget, f\u00f8r hun faldt om en morgen. Thorkild troede, at hans kone var v\u00e6k. Men s\u00e5 kom h\u00e5bet.","robots":{"index":"index","follow":"follow","max-snippet":"max-snippet:-1","max-image-preview":"max-image-preview:large","max-video-preview":"max-video-preview:-1"},"canonical":"https:\/\/hjerteforeningen.dk\/hjertegalla\/aarets-hjerteredder\/hjerteredderhistorie_hanne\/","og_locale":"da_DK","og_type":"article","og_title":"Hjerteredderhistorie_Hanne","og_description":"Der var ingen tegn p\u00e5, at 62-\u00e5rige Hanne fejlede noget, f\u00f8r hun faldt om en morgen. Thorkild troede, at hans kone var v\u00e6k. Men s\u00e5 kom h\u00e5bet.","og_url":"https:\/\/hjerteforeningen.dk\/hjertegalla\/aarets-hjerteredder\/hjerteredderhistorie_hanne\/","og_site_name":"Hjertegalla","article_modified_time":"2025-09-04T12:31:45+00:00","og_image":[{"url":"https:\/\/hjerteforeningen.dk\/hjertegalla\/wp-content\/uploads\/sites\/3\/2025\/08\/Thorkild-og-Hanne.jpg","type":"","width":"","height":""}],"twitter_card":"summary_large_image","twitter_misc":{"Estimeret l\u00e6setid":"7 minutter"},"schema":{"@context":"https:\/\/schema.org","@graph":[{"@type":"WebPage","@id":"https:\/\/hjerteforeningen.dk\/hjertegalla\/aarets-hjerteredder\/hjerteredderhistorie_hanne\/","url":"https:\/\/hjerteforeningen.dk\/hjertegalla\/aarets-hjerteredder\/hjerteredderhistorie_hanne\/","name":"Hjerteredderhistorie_Hanne - Hjertegalla","isPartOf":{"@id":"https:\/\/hjerteforeningen.dk\/hjertegalla\/#website"},"primaryImageOfPage":{"@id":"https:\/\/hjerteforeningen.dk\/hjertegalla\/aarets-hjerteredder\/hjerteredderhistorie_hanne\/#primaryimage"},"image":{"@id":"https:\/\/hjerteforeningen.dk\/hjertegalla\/aarets-hjerteredder\/hjerteredderhistorie_hanne\/#primaryimage"},"thumbnailUrl":"https:\/\/hjerteforeningen.dk\/hjertegalla\/wp-content\/uploads\/sites\/3\/2025\/08\/Thorkild-og-Hanne.jpg","datePublished":"2025-08-07T08:06:21+00:00","dateModified":"2025-09-04T12:31:45+00:00","description":"Der var ingen tegn p\u00e5, at 62-\u00e5rige Hanne fejlede noget, f\u00f8r hun faldt om en morgen. Thorkild troede, at hans kone var v\u00e6k. Men s\u00e5 kom h\u00e5bet.","breadcrumb":{"@id":"https:\/\/hjerteforeningen.dk\/hjertegalla\/aarets-hjerteredder\/hjerteredderhistorie_hanne\/#breadcrumb"},"inLanguage":"da-DK","potentialAction":[{"@type":"ReadAction","target":["https:\/\/hjerteforeningen.dk\/hjertegalla\/aarets-hjerteredder\/hjerteredderhistorie_hanne\/"]}]},{"@type":"ImageObject","inLanguage":"da-DK","@id":"https:\/\/hjerteforeningen.dk\/hjertegalla\/aarets-hjerteredder\/hjerteredderhistorie_hanne\/#primaryimage","url":"https:\/\/hjerteforeningen.dk\/hjertegalla\/wp-content\/uploads\/sites\/3\/2025\/08\/Thorkild-og-Hanne.jpg","contentUrl":"https:\/\/hjerteforeningen.dk\/hjertegalla\/wp-content\/uploads\/sites\/3\/2025\/08\/Thorkild-og-Hanne.jpg","width":984,"height":554},{"@type":"BreadcrumbList","@id":"https:\/\/hjerteforeningen.dk\/hjertegalla\/aarets-hjerteredder\/hjerteredderhistorie_hanne\/#breadcrumb","itemListElement":[{"@type":"ListItem","position":1,"name":"Home","item":"https:\/\/hjerteforeningen.dk\/hjertegalla\/"},{"@type":"ListItem","position":2,"name":"\u00c5rets hjerteredder","item":"https:\/\/hjerteforeningen.dk\/hjertegalla\/aarets-hjerteredder\/"},{"@type":"ListItem","position":3,"name":"Hjerteredderhistorie_Hanne"}]},{"@type":"WebSite","@id":"https:\/\/hjerteforeningen.dk\/hjertegalla\/#website","url":"https:\/\/hjerteforeningen.dk\/hjertegalla\/","name":"Hjertegalla","description":"","publisher":{"@id":"https:\/\/hjerteforeningen.dk\/hjertegalla\/#organization"},"potentialAction":[{"@type":"SearchAction","target":{"@type":"EntryPoint","urlTemplate":"https:\/\/hjerteforeningen.dk\/hjertegalla\/?s={search_term_string}"},"query-input":{"@type":"PropertyValueSpecification","valueRequired":true,"valueName":"search_term_string"}}],"inLanguage":"da-DK"},{"@type":"Organization","@id":"https:\/\/hjerteforeningen.dk\/hjertegalla\/#organization","name":"Hjertegalla","url":"https:\/\/hjerteforeningen.dk\/hjertegalla\/","logo":{"@type":"ImageObject","inLanguage":"da-DK","@id":"https:\/\/hjerteforeningen.dk\/hjertegalla\/#\/schema\/logo\/image\/","url":"https:\/\/hjerteforeningen.dk\/hjertegalla\/wp-content\/uploads\/sites\/3\/2024\/08\/cropped-cropped-cropped-weblogo-HG.png","contentUrl":"https:\/\/hjerteforeningen.dk\/hjertegalla\/wp-content\/uploads\/sites\/3\/2024\/08\/cropped-cropped-cropped-weblogo-HG.png","width":173,"height":49,"caption":"Hjertegalla"},"image":{"@id":"https:\/\/hjerteforeningen.dk\/hjertegalla\/#\/schema\/logo\/image\/"}}]}},"acf":[],"_links":{"self":[{"href":"https:\/\/hjerteforeningen.dk\/hjertegalla\/wp-json\/wp\/v2\/pages\/844","targetHints":{"allow":["GET"]}}],"collection":[{"href":"https:\/\/hjerteforeningen.dk\/hjertegalla\/wp-json\/wp\/v2\/pages"}],"about":[{"href":"https:\/\/hjerteforeningen.dk\/hjertegalla\/wp-json\/wp\/v2\/types\/page"}],"author":[{"embeddable":true,"href":"https:\/\/hjerteforeningen.dk\/hjertegalla\/wp-json\/wp\/v2\/users\/8"}],"replies":[{"embeddable":true,"href":"https:\/\/hjerteforeningen.dk\/hjertegalla\/wp-json\/wp\/v2\/comments?post=844"}],"version-history":[{"count":0,"href":"https:\/\/hjerteforeningen.dk\/hjertegalla\/wp-json\/wp\/v2\/pages\/844\/revisions"}],"up":[{"embeddable":true,"href":"https:\/\/hjerteforeningen.dk\/hjertegalla\/wp-json\/wp\/v2\/pages\/187"}],"wp:attachment":[{"href":"https:\/\/hjerteforeningen.dk\/hjertegalla\/wp-json\/wp\/v2\/media?parent=844"}],"wp:term":[{"taxonomy":"global-tag","embeddable":true,"href":"https:\/\/hjerteforeningen.dk\/hjertegalla\/wp-json\/wp\/v2\/global-tag?post=844"}],"curies":[{"name":"wp","href":"https:\/\/api.w.org\/{rel}","templated":true}]}}